, -9 = 3*y - 2*h. Let t(f) = y*g(f) + 6*b(f). What is the units digit of t(1)?
9
Let y(p) = p**3 + 3*p**2 + 3*p + 5. Let s be y(-4). Let i = 8 - s. What is the tens digit of i?
3
Let r be (-257)/4*(-12 + 8). Let b = r + -158. What is the units digit of b?
9
Let x(f) = 2*f + 18. Let s(y) = -2*y + 12. Let n be s(9). Let i be x(n). Suppose -1 - i = -v. What is the units digit of v?
7
Suppose 2*u - 1 = 9, -19 = -j - 5*u. Let n(z) be the second derivative of z**5/20 + 2*z**4/3 + 4*z**3/3 - 5*z**2/2 - 2*z. What is the tens digit of n(j)?
1
Let l be ((-1 - 10) + 1)*2. Let y = l + 21. What is the tens digit of ((13 - 0) + y)*1?
1
Suppose 4*a = a + 639. Suppose -6*h - a = -9*h. What is the tens digit of h?
7
Let x(c) = -35*c + 16. Let a(o) = 9*o - 4. Let q be 36/15 - (-4)/(-10). Let t(d) = q*x(d) + 9*a(d). What is the units digit of t(3)?
9
What is the units digit of 15910/14 + (-1 - 8/(-14))?
6
Let l be ((-8)/(-5))/(1/15). Let o = l - 20. What is the units digit of o?
4
Let n(k) = -8*k + 6. Let c(z) = 17*z - 13. Let g(y) = -4*c(y) - 9*n(y). What is the units digit of g(17)?
6
Let v be 12/24 + (-2)/(-4). What is the tens digit of v*(0 - 79)*-1?
7
Suppose u - 4*a = -114 + 1266, 2340 = 2*u + a. What is the units digit of u?
8
Suppose 37*t - 175760 = -15*t. What is the hundreds digit of t?
3
Let g be (-2 - -1)*(0 + -1). Let v be 5/(-2 - -1) - g. What is the units digit of v/(-9)*(-3 - -27)?
6
Let k(v) = v - 15. Let b be k(7). Let u(d) be the first derivative of -3*d**2/2 + 9*d - 41. What is the tens digit of u(b)?
3
Let f(d) = -2*d**2 + 4*d + 4 - 3*d**2 + 6*d**2. Let s be (-1)/3 + 161/(-21). What is the units digit of f(s)?
6
Let b(y) = 18*y - 227. What is the hundreds digit of b(42)?
5
Let l(f) = -f**3 - 6*f**2 + 7*f + 4. Let k be l(-7). Suppose k*n = 7 + 17. What is the units digit of n?
6
Let i(m) = m**3 - 11*m**2 - 10*m - 19. Let o be i(12). Let s(y) = 3*y**3 - 2*y**2 - 8*y + 8. What is the hundreds digit of s(o)?
2
Suppose 8*a = 3*a + 160. Suppose y - a = -3*y. Let i = 12 - y. What is the units digit of i?
4
Suppose -2*d = -4*d - 412. Let a = d + 102. Let j = a - -170. What is the tens digit of j?
6
Suppose -105 = 11*x - 6*x. Let z = -6 - x. What is the tens digit of z?
1
Suppose -5*k = 20, 2*k + 846 = -17*d + 19*d. What is the hundreds digit of d?
4
Suppose -3*m = -6, -u - m + 5*m - 18 = 0. Let v be (0/(-1))/(-3) - -22. Let c = u + v. What is the tens digit of c?
1
Suppose -24*q = -16*q - 8392. What is the thousands digit of q?
1
Let b = 34 - -17. Suppose 0 = 14*n + 133 + 35. Let j = b - n. What is the tens digit of j?
6
Suppose -24 = -13*v + 9*v. Suppose -1116 = v*z - 2*z. What is the tens digit of (z/(-18))/(1/2)?
3
Suppose 129746 = 19*s + 22909. What is the thousands digit of s?
5
Let g(q) = -q**2 + 9*q - 19. Let r be g(6). Let y(k) = -42*k - 2. What is the units digit of y(r)?
0
Let g(q) = 8*q**2 + 4*q - 11. What is the units digit of g(-8)?
9
Let h(u) = -u**2 + 12*u - 1. Let y(k) = k - 11. Let x be y(8). Let i = 7 - x. What is the units digit of h(i)?
9
Suppose -5 = 5*q, -a - a = -2*q - 140. Let n = 74 - a. What is the units digit of n?
5
Suppose -4*b + 24 - 120 = 0. Let r = b - -36. Suppose 0 = -t + r. What is the units digit of t?
2
Let x = 344 + 859. What is the units digit of x?
3
Suppose 14*n - 71 = 13*n. Let c = 154 - n. What is the units digit of c?
3
Suppose -559 - 719 = -2*q. What is the units digit of q?
9
Suppose o + 738 = 10*o. Let q = o + -39. What is the tens digit of q?
4
Let u = 1328 + -776. Let n be (-4)/26 + u/39. Suppose 3*x - n = 13. What is the units digit of x?
9
Suppose -4*o + 4 = 2*n + 10, 0 = -4*n + 2*o + 28. Suppose 17 = 4*l - 3*f - 64, n*l - 106 = -f. What is the units digit of l?
1
Suppose -9*y = -1075 + 373. What is the units digit of y?
8
Let c = -41 + 47. Suppose -c = -w + 7. What is the tens digit of w?
1
Let v = 2044 - 1161. What is the units digit of v?
3
Let b(m) = -m**3 + 13*m**2 - 21*m + 9. What is the hundreds digit of b(8)?
1
Let s = -66 + 32. What is the tens digit of 2682/34 - 4/s?
7
Let l(s) = 19*s**2 - 7*s**2 + 2*s**2 + 5*s**2 + s. Let y be 4/10 + (-14)/10. What is the units digit of l(y)?
8
What is the tens digit of (2240/(-96))/(((-16)/564)/4)?
9
Suppose 0 = -46*x + 42*x + 908. Let b = -114 + x. What is the tens digit of b?
1
Suppose -3*j = p - 2367, 5*j = -5*p + 5338 - 1403. Suppose -4*m + 998 + j = 0. What is the units digit of (-5)/(-25) + m/15?
0
Let h = -17 - -22. Let g(i) = -i**3 + 7*i**2 - i - 6. What is the units digit of g(h)?
9
Let v = 30 + 8. Let y = 154 - v. What is the units digit of y?
6
Let u = 1505 + 333. What is the hundreds digit of u?
8
Suppose 232*o - 236*o + 6208 = 0. What is the hundreds digit of o?
5
Suppose k + 11 = -3*t, 7*k - 2*k - t = -23. Let f = -2 - k. Suppose 2*y + 12 - 64 = -4*b, f*y - 3*b = 69. What is the tens digit of y?
2
What is the tens digit of (-10 - (-319)/33)*-9675?
2
Let i = -9 - -8. Let m be 0 + (i - -3) + -7. Let j(p) = 2*p**2 + 5*p - 4. What is the tens digit of j(m)?
2
Suppose 2*r + 3*r + 15 = 0. Let o be -1*(-1 + r/3). Suppose 60 = d + o*d. What is the tens digit of d?
2
Let b(h) = 306*h + 305. What is the tens digit of b(11)?
7
Let g be -5 - -3 - (-21)/3. Let y(k) = 5*k - 1. Let d(o) = 10*o - 3. Let n(v) = 4*d(v) - 7*y(v). What is the tens digit of n(g)?
2
Let q = 26 - 26. Suppose q = -6*z + 9*z - 258. What is the tens digit of z?
8
Let k(j) be the first derivative of j**5/60 + j**4/2 - 7*j**3/3 + 1. Let r(g) be the third derivative of k(g). What is the units digit of r(-5)?
2
Let n(l) = -l**3 + 6*l**2 + 11*l - 7. What is the tens digit of n(-14)?
5
Suppose 505 + 37 = 2*p. Suppose -835 = -4*z + 5*u + 264, z - 2*u = p. What is the hundreds digit of z?
2
What is the hundreds digit of 47/(-2)*(-3 - 7)?
2
Let z(g) = 23*g**2 + g + 2. Let r(a) = -a - 9. Let h be r(-8). What is the tens digit of z(h)?
2
Suppose -5*v + 50 + 65 = 0. Let z = 22 + v. What is the tens digit of z?
4
Let h = 1 + 3. Suppose h*u + 12 = -4. Let o = u - -6. What is the units digit of o?
2
What is the hundreds digit of (0 + -8)/(4*2/(-788))?
7
Suppose 486 = 46*g - 40*g. What is the units digit of g?
1
Suppose 31720 = 34*l - 8*l. What is the tens digit of l?
2
Let c be 27/15 + (-5)/(-25). Suppose 5*w = 4*n - 201, 3*n = c*w + w + 150. What is the units digit of n?
9
Let m be 0/((-4)/(-18) - 220/99). Suppose m = 2*r - 0*w + 4*w - 368, 0 = -4*r - w + 729. What is the hundreds digit of r?
1
Suppose 0 = -42*y + 13*y + 52925. What is the hundreds digit of y?
8
Suppose 49*n - 79067 = 41620. What is the thousands digit of n?
2
What is the tens digit of (-10)/(60/(-543)) - 2/(-4)?
9
Let b(f) = -30*f + 12. Let t be b(-1). Let k be (1/(-1))/((-1)/3). Suppose k*i - t = 78. What is the tens digit of i?
4
Let b(x) = 18*x**2 - 8*x - 26. Let y be b(-3). Suppose g - 4*c = 58, 3*g + 4*c - y = 46. What is the units digit of g?
6
Let n be (3 - 13/4)*-4. Let u(h) = h + 3 - 2*h + 2*h - 2. What is the units digit of u(n)?
2
Suppose -3*x + 8 = -4. Let p be x + -7 - 0/(-3). Let v(k) = -k**3 - 2*k**2 - 2*k + 2. What is the units digit of v(p)?
7
Let b = -3 + 8. Suppose -2*d - b*g - 1 = 1, -3*d + 2 = 5*g. Suppose 0 = -d*r + 38 + 78. What is the units digit of r?
9
Suppose 0 = 4*h + 897 + 435. Let j be 4/6*h/6. What is the units digit of (1 - j)/((-4)/(-2))?
9
Let s(u) = -3*u**2 - 36*u + 2. Let a be s(-12). Suppose 36 = a*n + 2*f, n - 22 - 6 = -3*f. What is the tens digit of n?
1
Suppose l + 83 = -5*i, -i = 2*i - 4*l + 36. Suppose g - 3*p = 12, g - 45 = -3*p - 9. What is the units digit of i/(-6)*g/8?
8
Let o(q) = -2*q**3 - 8*q**2 + q + 4. Let m be o(-7). Suppose 6*g = -m + 1443. Suppose 8*u - g = 5*u. What is the tens digit of u?
6
Suppose -2*i - 33 = -127. Let j be 9/(-12) - 2/8. What is the units digit of 1 + (i - j - 2)?
7
Let h(p) = -3*p**3 - p**2 - p - 1. Suppose -9*z - 35 = -8. What is the tens digit of h(z)?
7
Let o be 2 + (-1)/((-3)/(-285)). Let s = 149 + o. Let u = -39 + s. What is the units digit of u?
7
Suppose 14*o - 4445 = 5747. What is the hundreds digit of o?
7
Suppose -y = -2*y - 1. What is the tens digit of 21 + 0 - (-2 - y)?
2
Suppose 0 = -3*x + 9 - 3. Let o be 2 + (3 - 58/x). Let n = o + 55. What is the tens digit of n?
3
Let b be -1*(-10)/5*2. Suppose 12 = 7*p - 3*p, -b*p + 32 = 4*w. Suppos